*2 - 9*f. Let w be 1 + -1 + 4 + -1. Suppose 0 = -3*p - 9 - w. Give b(p).
0
Let y(x) = -45627*x + 45624*x - x**2 + 0*x**2 + 17. Determine y(-7).
-11
Let d(y) = y - 1. Let u(t) = -1. Let l(c) = -d(c) + u(c). Let v(f) = f**2 - 2. Let i be v(1). What is l(i)?
1
Let w(n) = n - 4. Let z be w(6). Let c(u) = 3 + 5 + 3*u**2 - 8*u + 0*u**2 - 2*u**z. Determine c(7).
1
Let v(b) = 3*b**2 + 101*b + 76. Let g be v(-33). Let z(x) = -x**2 + 5*x + 59. Calculate z(g).
9
Let q(d) = d + 2. Let x(o) = -o**3 + 10*o**2 - 11*o + 12. Let v be x(9). What is q(v)?
-4
Let h(b) = -7 + 2*b**2 - 4*b**2 + 5*b**2 - 4*b**2 + 8742*b - 8730*b. Give h(9).
20
Suppose -n - 9 - 6 = 0. Let l be (15/9)/((-1)/n). Suppose l = 4*t + 9. Let s(a) = -a**2 + 3. Calculate s(t).
-13
Let x(q) = -q**2 - 5*q + 13. Suppose 0 = 16*g + 603 - 491. Determine x(g).
-1
Let g(r) be the third derivative of -r**4/8 - 2*r**3/3 + 3*r**2 + 15. What is g(-4)?
8
Suppose 3*j - 21 = -9. Let o(f) = -2*f + 7 + f**2 - f**3 - j + 3*f + 4. What is o(0)?
7
Let f = -20 + 22. Let x(s) = 4 - s - 1 + 0 - s**f. Calculate x(-3).
-3
Let j(m) = -m**2 - 9*m. Suppose 0 = 19*d - 21*d - 18. Let t be j(d). Let i(v) = -v - 3. What is i(t)?
-3
Let g(f) be the third derivative of f**6/120 + 2*f**5/15 + 5*f**4/12 - f**3/6 + 3*f**2 - 2*f. Calculate g(-7).
-22
Let m(a) = a - 10. Let d(g) be the first derivative of g**3/3 + 7*g**2/2 + 16*g - 8. Let q be d(-2). What is m(q)?
-4
Let l be 1/(-2)*-2 + (-2 - -6). Suppose 3*k + 39 = -l*p, 12 = -3*p - p + 4*k. Let f(n) = -n**3 - 5*n**2 + 4*n - 2. Give f(p).
10
Let n(b) = -b**2 + 5*b + 2. Let p be ((-6)/9)/(5/(-45)). Suppose 5*j + 5*m - 40 = 0, -p*j + j + 40 = -5*m. Suppose 3*y - j = 4. Determine n(y).
6
Let i(x) = x + 16. Let d be i(-11). Let b(w) = -w**3 + 7*w**2 - 6*w - 3. Give b(d).
17
Let k(m) = m**3 + 7*m**2 + 2*m + 2. Let i(c) = c**3 - 8*c**2 + 2*c - 5. Let s be i(9). Let a = 87 - s. Give k(a).
-12
Let x(z) = 9*z + 10. Let r(j) = -4*j - 5. Let b(l) = 5*r(l) + 2*x(l). Let f(h) = -3*h + 2. Let k be f(3). Let i be k + 5/((-5)/(-1)). What is b(i)?
7
Let l(o) = -2*o. Suppose -3*z = -s + 31 - 2, s = -4*z - 41. Let i be (-8)/z*(-40)/(-16). Calculate l(i).
-4
Let z(s) = -s - 15. Suppose 3*d + 35 = -2*x, 5*x - 52 = 4*d + 33. Give z(d).
0
Let f(u) = 9*u - 11. Let w(x) = 2*x - 2. Let q(p) = -f(p) + 4*w(p). Calculate q(11).
-8
Suppose 2*o + l - 13 = 0, -28 = -2*o - 5*l + l. Suppose -3*y = 5*d + 25, o*d = -6*y + y - 20. Let i(x) = -x + 4. Give i(d).
9
Suppose -72*r = -66*r + 6. Let q(p) = 29*p**3 + p**2 - 1. Calculate q(r).
-29
Let c(q) be the second derivative of q**3/3 - 3*q**2/2 - 101*q + 3. Suppose -1 - 15 = -4*s. Give c(s).
5
Let t(q) = q**3 + 12*q**2 + 11*q + 6. Let j be t(-11). Suppose 0 = j*y - 7*y. Suppose y = -3*v + 8*v - 15. Let c(w) = w**2 - 2*w. Give c(v).
3
Suppose -3*l - 3*y = 6, -8 = -6*y + 2*y. Let x(u) = -3*u**3 - 3*u + 3 + 1 + 2*u**3 - 5*u**2. Calculate x(l).
0
Let b(f) = 71*f - 59. Let r(q) = -41*q + 30. Let y(m) = -4*b(m) - 7*r(m). What is y(-11)?
-7
Let k(i) = i + 0 + 0*i + i - 6. Give k(5).
4
Let h(t) = -2*t + 14. Let w(z) = -2*z + 13. Let n(g) = -5*h(g) + 6*w(g). Determine n(9).
-10
Let g(d) = d**3 - 7*d**2 + 4*d + 2. Suppose 0 = 5*n + o - 27, 27*o - 27 = -3*n + 30*o. Give g(n).
-10
Let p(y) = 3 + 11 - 30 - y + y**2 + 15. Suppose 2*c = -c + 3. Suppose n + 2 + c = -2*t, 0 = -t - 3. What is p(n)?
5
Suppose 15 = -5*r, a - 3*a + 16 = 2*r. Let j = a + -5. Let t(p) = -2*p + 6. Give t(j).
-6
Suppose 4*p = 52 + 8. Suppose 0*q - p = -5*q. Let z(j) = 4*j + 4. Determine z(q).
16
Let k(a) = -4*a + 2*a**2 - 4*a**2 + 5 - 2*a**2 + 3*a**2. Let r(o) = o**2 + 5*o - 4. Let d(h) = 2*k(h) + 3*r(h). What is d(-7)?
-2
Let p(l) = -l**3 + 2*l**2 + 3. Let f be 42/(-1)*(-1 - -2). Let o = f - -9. Let h = o - -36. What is p(h)?
-6
Let p(j) be the second derivative of 0 + 0*j**3 + 19/20*j**5 - 1/6*j**4 - 45*j + 1/2*j**2. Determine p(1).
18
Suppose -8 = -g - 3*g. Suppose 9 = q + 4*y - 14, -10 = -g*y. Let t(n) = -n - 40*n**2 + 4*n + n**3 - 3 + 0*n + 37*n**2. Determine t(q).
6
Let z(u) be the third derivative of u**5/60 + 4*u**3/3 - 8*u**2 + 2*u. What is z(5)?
33
Let n be 52/117*(-9)/(-2). Let p(r) = -8*r - n*r**2 - 74 + 83 + 3*r**2. Give p(6).
-3
Let z(k) = k**3 + 54 + 11*k**2 - 103 + 55 + 11*k. Calculate z(-10).
-4
Suppose 3 = 5*t - 4*j, j - 1 = -3. Let w = -2 + t. Let f(d) = 4*d - 518*d**2 - 5 + 519*d**2 + 1. What is f(w)?
-7
Let w(x) = 5*x + 17. Let y be w(-7). Let z be -1*y/3 + -1 + 0. Let p(m) = -m + 11. Determine p(z).
6
Suppose 0 = -0*t + 7*t - 91. Let u(y) = y - 9. Calculate u(t).
4
Let z(l) = -7*l - 2. Suppose 5*h = -n - 11, 2*h = 3*n - 28 + 27. Determine z(h).
12
Let x(r) = -r**3 + 6*r**2 + r - 1. Let q(n) = -n**3 + 36*n**2 + 78*n - 70. Let l be q(38). Calculate x(l).
5
Let h(p) be the first derivative of 4*p**3/3 - p**2 + 3*p - 60. Suppose -2*o + 0 = -4. Calculate h(o).
15
Let z(h) = h**3 + 4*h**2 + 4*h. Let y(c) = c**3 - 12*c**2 - 12*c - 11. Let f be y(13). Let u(k) = -k**2 - 3*k + 7. Let q be u(f). Calculate z(q).
-3
Let p(y) = y + 14. Let x = 127 - 141. What is p(x)?
0
Let b(h) be the third derivative of -h**5/120 + h**4/8 - 2*h**3/3 - 12*h**2. Let n(z) be the first derivative of b(z). What is n(7)?
-4
Let s = 0 - 0. Let h(b) = 3*b**3 - 14*b**2 - 3*b + 65. Let c(t) = t**3 - 5*t**2 - t + 24. Let x(m) = 17*c(m) - 6*h(m). Give x(s).
18
Let h(o) = 3*o**3 - 13*o**2 - 35*o + 125. Let i(l) = -4*l**3 + 18*l**2 + 47*l - 166. Let q(f) = 9*h(f) + 7*i(f). Calculate q(10).
3
Let g(x) = x**3 + 5*x**2 - 2*x - 7. Let f(j) = -j - 2. Let b be f(3). Let m be g(b). Let w(q) = -q + 82 - 238 + 74 + 78. Give w(m).
-7
Let k(i) be the third derivative of -i**6/120 - 7*i**5/60 - i**4/4 + i**3/2 - 54*i**2 + 1. Give k(-6).
3
Let f(s) = 6*s + 5 - 1 - 8*s + 6. Calculate f(0).
10
Let a(j) = -4*j - 78*j**2 + 0*j + 36*j**2 + 45*j**2 + j**3 - 5. Suppose 0 = -3*y + 6 - 18. Determine a(y).
-5
Let a(g) = g**3 - g + 1. Let i(y) = -y**3 + 12*y**2 + 12*y + 17. Let r be i(13). Suppose 12 = -6*l + r*l. Let p be (-2)/l*3*1. Give a(p).
1
Suppose -4*t = -21 + 9. Let o(y) = -2*y**2 - 2*y. Let x(l) = -l**2 - 7*l. Let v(f) = -f**2 + f. Let j(g) = 2*v(g) + x(g). Let i(p) = 3*j(p) - 5*o(p). Give i(t).
-6
Let u(k) = k**3 + 8*k**2 - 3*k - 9. Let s(l) = 3*l**3 + 4*l**2 - 4*l - 1. Let q be s(3). Suppose -7*f = -20*f - q. Give u(f).
15
Let u(x) = -13*x**2 + 4*x - 4. Let c(g) = 3*g**2 - g + 1. Let z(p) = -9*c(p) - 2*u(p). Give z(0).
-1
Let v(w) be the second derivative of w**6/120 + w**5/60 + w**4/24 + w**3/6 + 7*w**2/2 - 8*w. Let c(m) be the first derivative of v(m). Calculate c(-1).
0
Let p(j) be the third derivative of j**5/60 - j**4/8 - j**3 - 5*j**2 + 2. What is p(2)?
-8
Let d(c) = -269 + c**2 + 0*c**2 - 2*c + 535 - 270. Let t(n) = -n + 6. Let h be t(4). Suppose m = -3*m + 12, h*m - 22 = -4*g. Determine d(g).
4
Let n(o) = -o**2 + 10*o - 3. Let v(q) = -q**2 - 2*q. Let a be v(-2). Suppose 4*i + a*i = 40. Let u be n(i). Let c(f) = -f - 3. Determine c(u).
0
Let q(n) = n**2. Let s(a) = a**3 - 7*a**2 - a + 1. Let g(k) = -5*q(k) - s(k). Suppose -3*r + 13 = 4*v, -5*v - 5*r - 10 = -10*r. What is g(v)?
1
Let b = -8 - -12. Let d(h) be the third derivative of -h**4/8 - 2*h**3/3 - 4*h**2 + 6*h. What is d(b)?
-16
Let i(c) = -c**2 + 14*c - 23. Suppose 10*v - 35 = 75. Determine i(v).
10
Let f(z) = 3*z + 27. Let s(x) = -2*x - 3. Let c(k) = -f(k) - 9*s(k). What is c(-2)?
-30
Let d(y) be the second derivative of -y**8/6720 - y**7/360 - y**6/120 + y**5/30 - y**4/4 + y. Let o(r) be the third derivative of d(r). What is o(-6)?
4
Let c(d) be the first derivative of -d**4/4 + d**2 + d - 117. Determine c(-2).
5
Let n(m) be the third derivative of -m**5/60 + m**3/3 - m**2 + 10. Give n(-4).
-14
Let k(c) = c**2 - c. Let m(p) = -7*p**2 + 3*p + 4. Let h(w) = -6*k(w) - m(w). Suppose 2*f = -2*t, -f + 16 = 2*t + 3*t. Give h(f).
0
Let h = 23 - 13. Let r = -4 + h. Let w(i) = i**3 - 6*i**2 + 2*i - 2. Calculate w(r).
10
Suppose 86*k - 85*k + 8 = 0. Let v(a) = 4 - a + 4 - 2 + 2*a. Calculate v(k).
-2
Let b(j) be the third derivative of -j**5/60 - j**4/24 + j**3 - 115*j**2 + j. Give b(0).
6
Let m(t) = -4*t + 2. Let q(d) = 9*d - 5. Let l(c) = -7*m(c) - 3*q(c). Let w(g) = -2*g**2 - 16*g + 94. Let r be w(-12). Calculate l(r).
-1
Let s(k) = 4*k**2 + 3*k. Let u(a) = a**3 + 2*a**2 - 3*a 